 28 and 36316?
28
Calculate the highest common divisor of 172 and 4177.
1
Calculate the greatest common factor of 20 and 556.
4
Calculate the greatest common factor of 11 and 6006517.
11
Calculate the greatest common divisor of 22891 and 143.
11
What is the highest common factor of 546 and 42406?
182
Calculate the greatest common factor of 2622 and 52302.
138
What is the highest common divisor of 1196 and 25532?
52
Calculate the greatest common divisor of 4876 and 3082.
46
What is the highest common divisor of 1216 and 633536?
1216
What is the greatest common factor of 13 and 634712?
13
What is the greatest common divisor of 24 and 2227812?
12
Calculate the greatest common divisor of 7332 and 234.
78
Calculate the greatest common factor of 375 and 9915.
15
Calculate the greatest common divisor of 428 and 2228.
4
What is the highest common divisor of 46552 and 40?
8
Calculate the highest common factor of 398954 and 86.
86
Calculate the highest common divisor of 1250 and 170.
10
What is the highest common divisor of 715931 and 1895?
379
Calculate the greatest common factor of 3736 and 120.
8
Calculate the greatest common divisor of 56 and 117901.
7
What is the highest common factor of 220677 and 3?
3
Calculate the greatest common divisor of 50 and 1994.
2
Calculate the greatest common divisor of 856826 and 191.
191
Calculate the highest common factor of 6099 and 57.
57
Calculate the highest common divisor of 18 and 13002.
6
What is the greatest common factor of 16520 and 2240?
280
What is the highest common factor of 580 and 7080?
20
What is the highest common factor of 11028 and 18?
6
Calculate the greatest common factor of 2052664 and 1137.
379
What is the highest common divisor of 244772 and 517?
11
Calculate the greatest common divisor of 1432 and 23576.
8
Calculate the highest common divisor of 27945 and 576.
9
Calculate the highest common divisor of 19883 and 413.
59
Calculate the highest common factor of 21900 and 217248.
876
Calculate the greatest common factor of 2742 and 12.
6
What is the highest common factor of 590303 and 343?
343
What is the highest common factor of 3 and 14879?
1
Calculate the greatest common factor of 3162 and 2945.
31
What is the greatest common divisor of 2868240 and 72?
24
What is the greatest common factor of 2947 and 373427?
421
What is the greatest common factor of 6615 and 1281?
21
What is the highest common factor of 48 and 721932?
12
What is the greatest common factor of 891 and 8448?
33
What is the greatest common divisor of 4403 and 952?
119
What is the highest common divisor of 450 and 213084?
18
What is the greatest common factor of 2911148 and 17?
17
What is the greatest common factor of 15 and 6132255?
15
Calculate the highest common divisor of 927994 and 287.
41
Calculate the greatest common factor of 52471 and 822.
137
Calculate the highest common divisor of 106 and 1923158.
106
Calculate the greatest common divisor of 274 and 3748594.
274
Calculate the highest common divisor of 90080 and 4320.
160
What is the greatest common divisor of 166 and 168241?
83
Calculate the greatest common divisor of 280 and 6244.
28
Calculate the highest common factor of 130 and 421020.
10
What is the highest common factor of 2552 and 2345926?
638
What is the greatest common divisor of 4109 and 6818?
7
Calculate the greatest common divisor of 32280972 and 12.
12
Calculate the greatest common divisor of 9192 and 192.
24
What is the highest common divisor of 396 and 16533?
99
Calculate the greatest common factor of 14733 and 261.
9
Calculate the highest common factor of 302736 and 2352.
336
Calculate the highest common divisor of 1281 and 142275.
21
Calculate the highest common factor of 663 and 67184.
221
What is the greatest common divisor of 10527 and 56628?
363
What is the highest common factor of 1434 and 13623?
717
What is the highest common divisor of 144 and 25824?
48
What is the highest common factor of 1152 and 60624?
144
What is the highest common factor of 12 and 860940?
12
Calculate the highest common divisor of 548 and 102065.
137
What is the greatest common factor of 1329794 and 82?
82
What is the greatest common divisor of 23751 and 441?
63
Calculate the greatest common factor of 655419 and 5319.
591
What is the greatest common divisor of 5882 and 346?
346
Calculate the highest common divisor of 1533357 and 9576.
1197
What is the highest common factor of 16 and 24688?
16
Calculate the greatest common factor of 125785 and 2035.
55
Calculate the greatest common divisor of 2941 and 2176.
17
What is the greatest common factor of 41429 and 782?
17
Calculate the highest common divisor of 1525 and 2425.
25
Calculate the greatest common divisor of 295924 and 668.
668
Calculate the highest common divisor of 420 and 1348452.
84
Calculate the greatest common divisor of 56 and 2268440.
8
What is the greatest common factor of 169 and 423007?
169
Calculate the greatest common factor of 14 and 152362.
14
Calculate the highest common divisor of 76 and 259331.
19
Calculate the greatest common factor of 358758 and 3078.
342
Calculate the greatest common divisor of 3969 and 142965.
81
What is the greatest common factor of 3869 and 22578?
53
Calculate the highest common factor of 59524 and 667.
23
What is the highest common divisor of 24 and 34536?
24
Calculate the greatest common divisor of 81 and 9756.
9
Calculate the greatest common factor of 240 and 522160.
80
Calculate the highest common factor of 9 and 1301.
1
Calculate the highest common factor of 14 and 381.
1
What is the greatest common divisor of 888460 and 62?
62
Calculate the highest common factor of 1860 and 11532.
372
Calculate the highest common divisor of 630 and 1505.
35
Calculate the highest common divisor of 1343 and 246322.
79
What is the highest common divisor of 614 and 728818?
614
Calculate the highest common factor of 1814004 and 328.
164
Calculate the highest common divisor of 1524 and 895096.
508
Calculate the highest common divisor of 5530 and 560.
70
Calculate the greatest common factor of 175232 and 9583.
1369
What is the highest common divisor of 207 and 40917?
69
Calculate the highest common factor of 2758 and 6698.
394
What is the greatest common divisor of 145411 and 7?
7
What is the greatest common factor of 87 and 29957?
29
Calculate the greatest common divisor of 12083 and 2529.
281
Calculate the highest common divisor of 12053 and 391.
17
Calculate the highest common factor of 5068 and 351502.
362
What is the greatest common factor of 336 and 1926456?
168
Calculate the greatest common divisor of 1085 and 1705.
155
Calculate the highest common divisor of 110754 and 30996.
378
Calculate the greatest common factor of 10 and 13129.
1
Calculate the greatest common divisor of 13352 and 32.
8
What is the greatest common factor of 37944 and 459?
153
Calculate the greatest common divisor of 118 and 1891894.
118
Calculate the highest common divisor of 52239 and 396.
33
Calculate the highest common factor of 104800 and 271200.
800
Calculate the highest common factor of 1140 and 10020.
60
What is the highest common factor of 34 and 2858?
2
What is the greatest common divisor of 523515 and 1275?
255
Calculate the greatest common factor of 768946 and 4.
2
What is the highest common divisor of 3140300 and 10?
10
Calculate the highest common factor of 5595 and 1380.
15
What is the highest common divisor of 676 and 7020?
52
Calculate the highest common factor of 679 and 2117801.
679
What is the greatest common factor of 44 and 50364?
4
What is the highest common factor of 4949137 and 6189?
2063
What is the greatest common factor of 24 and 16386?
6
What is the greatest common factor of 20880 and 35?
5
Calculate the greatest common divisor of 13112 and 36356.
596
Calculate the highest common divisor of 721 and 112167.
103
Calculate the greatest common divisor of 4503 and 4541.
19
Calculate the greatest common divisor of 132 and 16212.
12
Calculate the greatest common factor of 33 and 2869647.
33
Calculate the greatest common factor of 5355 and 221760.
315
Calculate the greatest common factor of 23536 and 176.
16
What is the highest common divisor of 1659 and 50007?
237
Calculate the highest common factor of 2662 and 34.
2
What is the highest common fa